{"id":2,"date":"2023-11-23T08:47:55","date_gmt":"2023-11-23T08:47:55","guid":{"rendered":"https:\/\/siauresvilkas.lt\/var\/www\/vhosts\/siauresvilkas.lt\/public_html\/?page_id=2"},"modified":"2023-11-23T11:14:15","modified_gmt":"2023-11-23T09:14:15","slug":"sample-page","status":"publish","type":"page","link":"https:\/\/siauresvilkas.lt\/","title":{"rendered":"Puslapis kuriamas"},"content":{"rendered":"\n<p>\u0160IAUR\u0116S VILKAS, UAB<br>\u017demai\u010di\u0173 g. 67, LT-84163 Joni\u0161kis<\/p>\n\n\n\n<p>\u012em. kodas: 157583833<br>PVM kodas: LT575838314<br>Tel.: +370 426 51690<br>Faks.: +370 426 61251<\/p>\n\n\n\n<p>E-mail.: sv@siauresvilkas.lt<\/p>\n","protected":false},"excerpt":{"rendered":"<p>\u0160IAUR\u0116S VILKAS, UAB\u017demai\u010di\u0173 g. 67, LT-84163 Joni\u0161kis \u012em. kodas: 157583833PVM kodas: LT575838314Tel.: +370 426 51690Faks.: +370 426 61251 E-mail.: sv@siauresvilkas.lt<\/p>\n","protected":false},"author":1,"featured_media":0,"parent":0,"menu_order":0,"comment_status":"closed","ping_status":"open","template":"","meta":{"footnotes":""},"class_list":["post-2","page","type-page","status-publish","hentry"],"_links":{"self":[{"href":"https:\/\/siauresvilkas.lt\/index.php?rest_route=\/wp\/v2\/pages\/2","targetHints":{"allow":["GET"]}}],"collection":[{"href":"https:\/\/siauresvilkas.lt\/index.php?rest_route=\/wp\/v2\/pages"}],"about":[{"href":"https:\/\/siauresvilkas.lt\/index.php?rest_route=\/wp\/v2\/types\/page"}],"author":[{"embeddable":true,"href":"https:\/\/siauresvilkas.lt\/index.php?rest_route=\/wp\/v2\/users\/1"}],"replies":[{"embeddable":true,"href":"https:\/\/siauresvilkas.lt\/index.php?rest_route=%2Fwp%2Fv2%2Fcomments&post=2"}],"version-history":[{"count":2,"href":"https:\/\/siauresvilkas.lt\/index.php?rest_route=\/wp\/v2\/pages\/2\/revisions"}],"predecessor-version":[{"id":9,"href":"https:\/\/siauresvilkas.lt\/index.php?rest_route=\/wp\/v2\/pages\/2\/revisions\/9"}],"wp:attachment":[{"href":"https:\/\/siauresvilkas.lt\/index.php?rest_route=%2Fwp%2Fv2%2Fmedia&parent=2"}],"curies":[{"name":"wp","href":"https:\/\/api.w.org\/{rel}","templated":true}]}}